5
Calculate the highest common divisor of 1710 and 7767010.
190
Calculate the greatest common factor of 3124 and 5626324.
3124
What is the greatest common factor of 42 and 14046963?
21
Calculate the highest common divisor of 46725535 and 230.
115
What is the greatest common factor of 105327 and 1777086?
27
What is the highest common divisor of 83540116 and 286?
22
What is the greatest common divisor of 30 and 2807629245?
15
What is the highest common divisor of 299592 and 4526?
146
Calculate the greatest common factor of 45687767 and 269.
269
What is the highest common divisor of 223560901 and 353?
353
What is the greatest common factor of 51 and 333927?
3
What is the highest common factor of 413666343 and 3?
3
What is the highest common factor of 2313789 and 15062?
443
What is the highest common divisor of 2777892 and 312?
156
What is the greatest common divisor of 2959 and 16543769?
2959
What is the greatest common factor of 3025 and 3021425?
275
What is the greatest common factor of 44996961 and 30471?
4353
Calculate the highest common divisor of 2808 and 2729592.
216
Calculate the greatest common factor of 3589236 and 82908.
252
Calculate the greatest common divisor of 4895270 and 1153850.
4910
What is the greatest common divisor of 1918369 and 14453?
97
What is the highest common factor of 11264 and 67936?
352
Calculate the greatest common divisor of 19840 and 42181760.
640
Calculate the highest common divisor of 13656 and 132158216.
4552
What is the greatest common divisor of 157755 and 128667405?
12135
Calculate the highest common factor of 370125740 and 620.
620
What is the greatest common factor of 68150860 and 17800?
1780
Calculate the highest common divisor of 10705021 and 13642.
359
What is the greatest common divisor of 130 and 18415514?
26
Calculate the greatest common divisor of 2369 and 59237995.
23
What is the highest common divisor of 1280631294 and 54?
18
What is the greatest common factor of 66 and 71682358?
22
What is the greatest common factor of 436772 and 34884?
76
Calculate the greatest common factor of 33736430 and 170.
10
Calculate the greatest common divisor of 82804 and 2928784.
652
What is the highest common divisor of 241938 and 288?
18
What is the greatest common divisor of 127730 and 140744?
482
Calculate the highest common divisor of 97963824 and 48.
48
Calculate the greatest common factor of 1224 and 9484128.
72
What is the greatest common factor of 37696 and 1130576?
304
What is the highest common factor of 773523 and 432?
27
Calculate the highest common divisor of 379756 and 517532.
436
Calculate the highest common factor of 391779 and 4394907.
3879
Calculate the greatest common divisor of 1152 and 79479.
9
What is the highest common factor of 2292 and 20885850?
1146
What is the highest common factor of 13597521 and 7791?
1113
What is the highest common factor of 4944 and 8180208?
48
Calculate the greatest common divisor of 31839183 and 1455.
291
Calculate the greatest common divisor of 781 and 1292413.
71
What is the greatest common divisor of 1105473 and 37?
1
What is the highest common divisor of 473148957 and 579?
579
Calculate the highest common factor of 2338 and 74316837.
1169
What is the highest common divisor of 1159575 and 725?
25
What is the highest common divisor of 6097344 and 99?
33
Calculate the greatest common factor of 100635 and 165.
15
Calculate the highest common factor of 482095 and 305.
5
What is the highest common factor of 411476 and 13284?
164
What is the greatest common factor of 146036 and 1309?
11
What is the greatest common divisor of 5929 and 6697262033?
5929
Calculate the greatest common factor of 4235 and 203063.
7
What is the greatest common divisor of 383 and 593805115?
383
Calculate the greatest common divisor of 119866 and 13957.
821
Calculate the greatest common divisor of 314 and 203954.
2
What is the greatest common divisor of 1038 and 866581566?
1038
Calculate the highest common divisor of 3782 and 35706106.
122
Calculate the greatest common factor of 119384499 and 39.
39
What is the highest common divisor of 36987605 and 111?
37
What is the greatest common factor of 376488 and 16849?
581
Calculate the highest common factor of 18139 and 6307.
17
What is the highest common divisor of 180 and 119725500?
60
What is the greatest common divisor of 31298453 and 87?
29
Calculate the greatest common factor of 18458440 and 55440.
3080
What is the highest common factor of 6603 and 163994309?
2201
What is the highest common divisor of 166296 and 70684?
164
Calculate the greatest common factor of 28 and 1323889.
7
Calculate the greatest common factor of 167761801 and 1643.
1643
What is the greatest common divisor of 17617 and 36669674?
223
What is the highest common divisor of 8 and 786366392?
8
Calculate the greatest common divisor of 46032 and 23136560.
2192
What is the highest common factor of 211677612 and 696?
348
Calculate the greatest common factor of 913 and 1255639.
11
Calculate the greatest common divisor of 395324 and 69851.
23
Calculate the greatest common divisor of 606701 and 1147.
31
What is the greatest common factor of 6006 and 74802?
546
What is the greatest common factor of 31328 and 29187728?
1424
What is the greatest common divisor of 53267416 and 16?
8
Calculate the highest common factor of 24278 and 908833.
199
What is the greatest common divisor of 6066245 and 120235?
865
Calculate the highest common factor of 162 and 26889.
3
Calculate the highest common divisor of 31560 and 17969475.
3945
Calculate the greatest common divisor of 39621134 and 10672.
1334
What is the greatest common divisor of 71764 and 5579728?
308
What is the highest common factor of 74 and 221900026?
74
Calculate the highest common divisor of 125619 and 11245.
13
Calculate the greatest common factor of 35611092 and 660.
132
What is the highest common divisor of 123291 and 125343?
171
Calculate the greatest common factor of 208906190 and 10.
10
Calculate the highest common factor of 181409436 and 324.
108
Calculate the greatest common factor of 7994 and 1029359401.
3997
What is the highest common divisor of 52476528 and 5616?
624
What is the highest common divisor of 7680 and 93120?
960
Calculate the greatest common factor of 13905285 and 33720.
4215
What is the highest common factor of 143863 and 26077?
293
Calculate the highest common divisor of 38907 and 9112884.
4323
Calculate the greatest common divisor of 2557152 and 9360.
1872
Calculate the highest common factor of 1230 and 7474290.
30
Calculate the greatest common factor of 553 and 18163127.
79
Calculate the greatest common factor of 59913600 and 33600.
4800
Calculate the greatest common divisor of 57405 and 6497.
89
Calculate the highest common divisor of 3960 and 9530730.
990
Calculate the greatest common factor of 115277238 and 612.
306
Calculate the highest common factor of 127081524 and 54.
6
Calculate the highest common factor of 8188288 and 128.
128
What is the greatest common divisor of 2324091 and 1197?
21
Calculate the greatest common divisor of 2376520 and 24380.
1060
What is the greatest common divisor of 76406140 and 170570?
4610
Calculate the highest common factor of 492 and 31336.
4
What is the highest common divisor of 532282422 and 42?
42
Calculate the greatest common factor of 559587 and 8106.
21
Calculate the highest common divisor of 50530 and 70680.
310
Calculate the greatest common divisor of 138946 and 8042.
2
Calculate the greatest common factor of 386978990 and 850.
170
Calculate the greatest common factor of 259 and 7072009.
7
What is the greatest common divisor of 172571 and 123354?
623
Calculate the highest common factor of 495164495 and 2765.
2765
What is the highest common divisor of 95 and 273201?
19
Calculate the highest common divisor of 1085252 and 3616.
452
Calculate the greatest common factor of 7222 and 6334982.
46
Calculate the greatest common divisor of 3960 and 21426888.
24
Calculate the greatest common divisor of 225 and 79949367.
9
Calculate the greatest common divisor of 61264 and 234976.
112
What is the highest common divisor of 686504 and 1056?
8
Calculate the greatest common factor of 16 and 5327957744.
16
What is the highest common factor of 1403350 and 6800?
850
Calculate the g